te?
False
Let p be 78/143 - (-394554)/(-11). Let l = -16969 - p. Is l prime?
True
Let t(q) = -1035*q**3 - 20*q**2 - 73*q + 59. Is t(-5) a prime number?
False
Let r(c) = -2*c**3 + 38*c**2 + c - 14. Let s be r(19). Suppose -10*d + s*d = -3905. Is d a composite number?
True
Let c = -1253 + 503. Let h = 476 - 705. Let s = h - c. Is s a prime number?
True
Let f(s) = s**2 + 12*s. Let k be f(-8). Let d = k - -32. Suppose n + n - 642 = d. Is n prime?
False
Let x be (-2 - 307/2)/((-14)/812). Let r = x - -2874. Is r composite?
True
Let n(f) = -f**3 - 85*f**2 + 507*f - 340. Is n(-93) a composite number?
False
Suppose 325948 = 16*w - 962644. Is w a composite number?
False
Let z be -3 - (-2 + 0) - 29. Let b be 134/10 - (-12)/z. Let t(l) = 16*l - 65. Is t(b) a prime number?
False
Suppose 3*q - 4*i = -i + 48, 1 = q - 4*i. Suppose 0 = q*h - 16*h + 30. Let y(r) = 9*r**2 + 2. Is y(h) a composite number?
True
Let i(g) = 2*g**2 + 23*g - 8. Suppose -107 = -6*y - 257. Is i(y) a prime number?
False
Let l = -170 - -171. Is 2 - (l/2 + 5555/(-2)) a prime number?
False
Suppose 4*d - 101964 = -4*h, 3*d + 0*d - 4*h = 76501. Suppose 8*x - d = 130977. Is x composite?
False
Suppose 352561 = 13*t + 4044. Let p = t - 6048. Is p prime?
False
Is ((-25)/(-7) - 3) + (-33643029)/(-49) a composite number?
False
Suppose 2*c + 4*o - 6 = 34, 2*c + 5*o = 42. Suppose -2*v - 3*g - 1113 = -4171, -4*g + c = 0. Is (-2 - -4)*v/2 prime?
True
Suppose 38645 = z - 5*p, -9*p + 10*p = -z + 38609. Is z a composite number?
True
Let m(y) = 340*y**2 + 232*y + 2773. Is m(-13) prime?
False
Let n = 404715 + -141226. Is n prime?
True
Let w(y) be the third derivative of y**6/120 + 5*y**5/12 + 41*y**4/24 - 13*y**3/6 - 13*y**2 + 2. Is w(-20) a composite number?
True
Let x(u) = -u + 12. Let z be x(20). Is (-47420)/6*(z + 26/4) a prime number?
False
Let d be -10 + (0 - 5) + 4. Let f = d - -13. Suppose 169 - 463 = -5*h - s, -f*h + 4*s = -122. Is h a prime number?
True
Let m(c) = -2518*c - 759. Is m(-29) composite?
True
Let c(w) = 797*w - 86. Suppose 95 = 19*m - 38. Is c(m) prime?
False
Suppose -5*j - 14613 = -2*m, -2*m = 5*j + m + 14593. Let x be 1 + (-4 + j)/5. Is (2 + -1 + x)*(-16)/16 a prime number?
False
Suppose 21472 = 2*r - v, 18*r - 14*r - 42950 = v. Is r a prime number?
True
Let g = -33 - -36. Suppose 0 = b - g. Is (b + 787)*(-1 + (-3)/(-2)) a composite number?
True
Suppose -3 - 2 = -5*y. Let j(g) = -3*g + 2 + 150*g**2 + 429*g**2 - 37*g**2. Is j(y) prime?
True
Suppose 1 = 2*v - 3*k + 68, -5*v + 3*k = 181. Let n = -24 - v. Suppose -n*c + 231 = -11*c. Is c composite?
True
Suppose 0 = 5*w - 10, -217*w = 2*p - 220*w - 1119880. Is p a composite number?
True
Let k(c) = 212*c**2 - 60*c + 39. Is k(-7) composite?
False
Let m be -3 - (2 + -2) - (-3 - 5). Suppose 2*a + 21395 = -m*d + 106002, -5*d - a = -84611. Suppose -11*q + 11974 = -d. Is q prime?
False
Let w = -842770 + 1431275. Is w a composite number?
True
Let p(z) = -426*z - 60. Let h be p(-7). Let l = 571 + h. Is l prime?
False
Let q(i) = -3*i**2 - 5*i. Let d be q(-2). Let j = 7 - d. Is 1371*(j/27)/((-1)/(-3)) prime?
False
Let z = -207 - -416. Suppose 4*h - 3*f - 20 = 0, -2*h + 6*f - 11*f = -10. Suppose h*l - 6*l = -z. Is l a composite number?
True
Suppose 19 = 5*n + 4. Suppose -3*m + 9603 = 3*i, -n*i + 6084 + 3511 = 5*m. Suppose i = 7*d - 2*d. Is d prime?
True
Let j = 4891 - 2565. Suppose -34*a + j = -32*a. Is a a composite number?
False
Is -7 - (-570)/80 - 4041774/(-16) composite?
False
Let y(x) = 4652*x**3 - 82*x**2 + 258*x - 23. Is y(3) composite?
False
Let k be 95 - (1 - (4 + -2)). Let f = -1 - -215. Let p = f - k. Is p composite?
True
Let o(c) = 410*c**2 + 99*c + 2126. Is o(-43) a composite number?
False
Let v(o) = 71*o**2 - 105*o + 4223. Is v(61) a prime number?
False
Let w(z) = -1071*z - 310. Is w(-9) a composite number?
True
Suppose -17*i = -18*i - 4*p + 17023, -i - 2*p = -17029. Suppose -7*t = -i - 51019. Is t a prime number?
False
Let j = -57 + 943. Let g = -588 + j. Is g composite?
True
Suppose 5*g = -2*c + 35, 5*c - 35 = -2*g - 0*g. Suppose 3*i + 1 = -y - 3, -c*y - 5 = 0. Is i - (3 - (-978)/(-9))*6 a prime number?
False
Let o = -47 + -34. Let c = o + 65. Is (1/8*1006)/((-4)/c) composite?
False
Is 15*27274 - -5 - (12 + 0) a composite number?
True
Suppose 2*p = 5*p + 12. Is ((-114)/(-24))/(p/(-3376)) a prime number?
False
Suppose -v - 1113482 = -5*r, 8*v - 39 + 15 = 0. Is r prime?
False
Let y = 354 - 1631. Let o = y + 2268. Is o a prime number?
True
Let z = 663570 - 188531. Is z prime?
False
Let u = 499022 + 725423. Is u a composite number?
True
Let l(s) = 24*s**3 - 5*s**2 + 12*s + 7. Suppose 0 = 2*x + o - 12, -o = 6 - 2. Is l(x) composite?
False
Let s be ((-6)/(-5))/((-44)/110). Let b(p) = -2219*p - 38. Is b(s) composite?
False
Let a(c) = 758*c**2 - 2*c - 81. Let b be a(-8). Suppose 5*n - b = 10288. Is n a composite number?
True
Is -2*(36/(-72))/(2/65662) prime?
True
Let w = 58 + -47. Suppose 0 = -21*p + w*p + 3810. Is p a composite number?
True
Let h = -379429 - -777150. Is h prime?
True
Let p(j) = 6125*j**2 + 5*j - 11. Is p(7) composite?
False
Let b = 95 + -92. Suppose -10*h + b*h + 35 = 0. Suppose -u - h*d + 292 = 0, 4*d + 0*d = 2*u - 626. Is u prime?
True
Let z(k) = 60*k - 2. Let l be z(2). Suppose -5*s + 143 = -2*m - 2*m, -4*m = s - 43. Let v = s + l. Is v prime?
True
Suppose 60 = 2*i - 2*y - y, 4*i - 5*y = 118. Let k be (-2)/(-9) - -124*3/i. Is ((-5)/((-45)/6))/(k/21777) prime?
False
Suppose p + 0 = -4*a - 17, 5*p + 4*a = -117. Let z be (-5)/p - 4/(-10)*18557. Suppose z = 3*o - 1628. Is o prime?
False
Let u(k) = -289*k**3 + 23*k**2 + 242*k - 55. Is u(-8) composite?
False
Let x(h) be the third derivative of 431*h**5/30 - h**4/6 - 2*h**3/3 - 6*h**2. Let u be x(-2). Suppose -r - 4 = 0, -2*m - 2*m = -r - u. Is m prime?
False
Suppose -4*c - 79 = -40*c - 7. Suppose 3*h - 2212 + 64 = 0. Suppose 4*k - 1810 = c*p, -h = -k + 4*p - 253. Is k a composite number?
True
Let a(t) = -t**3 + 2*t + 731. Let f = 167 + -89. Let v = -78 + f. Is a(v) composite?
True
Suppose -2*m - 2*m = -200. Let a = 4497 + m. Is a prime?
True
Let s = -805 + 1700. Let w = -408 + s. Is w prime?
True
Let w = -112593 + 158252. Is w a prime number?
True
Suppose 0 = -l - 5*q + 13699, 3*l - 3*q - 12431 = 28558. Is l prime?
True
Suppose w + w + 8 = 3*u, 0 = -2*u - 5*w - 1. Suppose -3*r + 8*r = -25, 0 = -2*v - u*r + 496. Suppose -255*i + v*i + 2374 = 0. Is i prime?
True
Suppose 3*q = 2*z - 1, 5*z - 2*q + 12 = -13. Is z + 1854/12*12 a composite number?
False
Let o be 10031255/(-259) - 2*(-1)/(-7). Is -6 + o/(-35) - (-4)/10 prime?
False
Let n = -26935 - -50731. Suppose 0 = -d - 5*q + 5973, n = 2*d + 2*d - 4*q. Is d prime?
True
Suppose 0 = h - 175718 - 70688. Is h a prime number?
False
Let u(f) = -f**2 + 12*f + 2. Let a be u(12). Let r be (-2 + -6)*(a + (-10)/4). Suppose -3*y + 14 + 438 = -x, -r*x = -y + 169. Is y a composite number?
False
Let f be (152/(-12) - 1)*(-3)/1. Suppose 2*r - 3*c = -3*r + f, -2*r + 3*c + 20 = 0. Is (-12246)/(-26) + (-1 - r)/2 composite?
False
Let w(t) = 4*t + 7*t**2 - 14 + 47 + 13*t + 2. Is w(9) composite?
True
Is 995/(-20)*13812/(-3) prime?
False
Let u(t) = -127*t - 23 + 467*t - 139*t. Is u(2) a composite number?
False
Let k = -257 - -147. Is k/(-77)*(3 + 3 + 1) a prime number?
False
Let r = 30281 + 9192. Suppose -12*p = -19*p + r. Is p prime?
True
Let b(a) = -36*a**2 - 18*a + 3. Let z be b(-3). Let n = -128 - z. Is n a composite number?
False
Let j = -98819 - -170466. Is j a prime number?
True
Let d(m) = 804*m**2 + 44*m + 683. Is d(-11) a prime number?
False
Let c(h) = 459*h**2 + 8*h - 323. Is c(14) composite?
False
Suppose -n + 24 = 23. Is (-3)/((-34120)/34115 + n) a composite number?
True
Suppose 5*p - 3*p + 3*z = -3, 9 = p - 2*z. Suppose k = 5*g - 8026, p*k = 3*g + 4*k - 4814. Suppose 66*y = 69*y - g. Is y prime?
False
Suppose -3*b - 34340 - 576305 = -4*f, 4*f - 610621 = -5*b. Is f a prime number?
False
Let m(o) be the third derivative of -709*o**4/24 + 19*o**3/6 - 90*o**2. Is m(-2) a prime number?
False
Suppose 0 = -92*l + 15829362 + 1970890. Is l prime?
False
Suppose 0*s = 2*s - 2*v - 6, 0 = 3*v - 3. Suppose 3345 = b + s*b. Let n = b - -768. Is n a prime number?
False
Suppose 625721 = 4*x + j, 5*x - 880804 = -2*j - 98655. Is x prime?
False
Let r = -492